vided by g.
210
Let i = 1908 + -1418. What is the remainder when i is divided by 45?
40
Suppose 361 = 7*u + 67. Suppose 8*g = -u + 290. What is the remainder when 120 is divided by g?
27
Suppose 5*x - 4*x = 9. Suppose -80 = -x*p + 46. What is the remainder when 20 is divided by (p/3)/((-28)/(-42))?
6
Suppose 11 = t + 4. Let g(o) = 44*o + 73. Let r(h) = -h**3 + 3*h**2 + 4*h + 1. Let u be r(0). Calculate the remainder when g(u) is divided by t.
5
Suppose 38*a + 10 = 39*a. Suppose 7*m = 4*h + 3*m - 376, -5*h + 3*m = -462. Suppose g + h = a*g. Calculate the remainder when 57 is divided by g.
7
Let a(d) = -11*d + 1145. What is the remainder when a(52) is divided by 12?
9
Suppose -k - 8*i + 22 = -4*i, 23 = -k + 5*i. Calculate the remainder when 127 is divided by ((-208)/20)/(k/(-5)).
23
Suppose d - 12 = 5*d. Let b be 8/(-36) + 254/(-27)*d. Let j = 30 - b. What is the remainder when 9 is divided by j?
1
Let h be (-354)/42 + (-12)/(-28). Calculate the remainder when (7 + 76/h)*26/(-5) is divided by ((-14)/(-4))/(1/2).
6
Let k(l) = 3*l + 22. Let u(y) = -34 - 10*y - 31 - 1. Let s(a) = 17*k(a) + 6*u(a). What is the remainder when s(-4) is divided by 6?
2
Let h be 133 + 22 + 3*-1 + -1. Suppose 5*v = -17*g + 22*g - 115, h = 5*g + 4*v. What is the remainder when 48 is divided by g?
21
Let o = 5 + -3. Let u = 10 - o. What is the remainder when (0 - -2)/(-1)*(-1215)/90 is divided by u?
3
Suppose -d = 0, 7 = 2*k - 5*d - 11. Let a(r) = r**2 - r - 69. Calculate the remainder when 4 is divided by a(k).
1
Suppose -38*l - 24 = -18*l - 23*l. What is the remainder when 8621 is divided by l?
5
Suppose -70*v + 559 = -771. What is the remainder when 2707 is divided by v?
9
Suppose 192*p - 205*p = -26. Suppose -3*i = p*a - 106, -3*i + 2*i + 44 = 5*a. What is the remainder when 156 is divided by i?
20
Let y(s) = -3*s + 16. Let l be y(5). Let z(c) = 81*c - 1. Let i be z(l). Calculate the remainder when 58 is divided by (i/(-28))/((-2)/7).
8
Let q = 29 + -15. Let k = -4 + q. Let l = -89 + 126. Calculate the remainder when l is divided by k.
7
Let b(k) be the second derivative of k**5/20 - 19*k**4/12 - 3*k**3 + 47*k**2/2 + 18*k. What is the remainder when b(20) is divided by -3 + (-1)/(-2)*42?
15
Let t(i) = -2*i**3 - i**2 + 15*i + 71. Calculate the remainder when 1340 is divided by t(-4).
110
Let q = 6963 - 6716. What is the remainder when q is divided by 44?
27
Let z(i) = 39*i + 2. Let l(b) = -33*b - 3. Let v(n) = -4*l(n) - 3*z(n). Let g = 5 - -2. What is the remainder when v(g) is divided by 28?
27
Let y(j) = j + 14. Let f be y(-7). Suppose -5 = -12*o + f*o. Suppose 0 = -2*r - 11 + o, -3 = -h - 2*r. What is the remainder when 103 is divided by h?
12
Suppose 2*q - 14 = 22. Let v = 107 + -46. Calculate the remainder when v is divided by q.
7
Suppose -12318 = -20*y + 2622. Suppose 5*g - 751 = v, -5*g + v - 4*v + y = 0. Calculate the remainder when g is divided by 52.
46
Suppose -6*w = 33*w - 4836. What is the remainder when 205 is divided by w?
81
Let o = 113 + -15. Let k(j) = -388*j + 3115. What is the remainder when o is divided by k(8)?
10
Let m be (70/(-42))/((35/(-6))/7). What is the remainder when m/(-3) - 9/(27/(-128)) is divided by 0 - -12 - 33/(-11)?
12
Let d(z) = 8*z**2 - 20*z + 18. Let u be d(1). Let f(y) = -y**2 + 4*y - 2. Let g be f(3). Let m = u + g. Calculate the remainder when 12 is divided by m.
5
What is the remainder when (-2)/4 - (-21629937)/994 is divided by 13?
11
Let y = 191 - 128. Suppose -374 = -2*x + g, 0 = -2*x - 13*g + 15*g + 376. Calculate the remainder when x is divided by y.
60
Let x(v) = -2*v**2 + 80*v - 470. What is the remainder when 5875 is divided by x(15)?
275
Let h(v) = v**3 + v**2 + 4*v + 6. Let n be h(-2). What is the remainder when 70 is divided by -60*(n/24 + 6/(-40))?
22
Suppose -15 = 2*d + 3*k, d + 0 = 4*k + 9. Let z(g) = 6*g**2 + g - 4. Suppose 6606 = 71*a - 3192. Calculate the remainder when a is divided by z(d).
44
Let y = -186 + 190. Suppose -42 = -c + 5*u, 3*c - 3*u = y*c - 18. Calculate the remainder when 52 is divided by c.
25
Let z(g) = 2*g**2 - 5. Let c be z(-4). Let s = 31 - c. Calculate the remainder when s is divided by (-63)/(-45) - (6/(-10) - -1).
0
Let u(p) = -p**3 + 6*p**2 - 6*p - 4. Let x be u(3). Suppose f = x*f - 32. Let h = 22 - 1. Calculate the remainder when h is divided by f.
5
Let w(b) = -24*b + 18. Let n be w(-1). Suppose n*m + 535 = 47*m. What is the remainder when m is divided by 14?
9
Let k(n) = 4492*n - 354. Calculate the remainder when k(5) is divided by 15.
11
Suppose 6*p + 6636 = 3*p. Calculate the remainder when (354/8)/((-237)/p) is divided by 13.
10
Suppose 5 = 2*g + 29. What is the remainder when (15/(-6))/(5/g) is divided by 5?
1
Let f(s) = 40*s**2 + s - 1. Let n = 0 + 1. Suppose -1283*a - 418 = -1302*a. Calculate the remainder when f(n) is divided by a.
18
Let d(c) = -c**2 - 3*c + 2. Let n be d(0). Let l(v) = 4*v**2 + v + 13*v**2 - 1 + 12*v**2 - 7*v**n. What is the remainder when 43 is divided by l(1)?
21
Let u(l) = 2*l + 26. Let a be u(-12). Let c be 47/(-2*1/a). Let r = -33 - c. Calculate the remainder when r is divided by 9.
5
Suppose 0 = 4*m + 4*p - 25896, 1326 = -5*m - 2*p + 33699. Calculate the remainder when m is divided by 17.
15
Let t = -29 - -149. Let d be (-45)/60 - (-534)/8. Let h = -35 + d. Calculate the remainder when t is divided by h.
27
What is the remainder when 91 - 96 - 382/(-2) is divided by 20?
6
Calculate the remainder when -1 + 11 - (-17 - -4616)/(-9) is divided by 126.
17
Suppose 0*v = 3*v + 2*s - 10, -5*v + 17 = 3*s. Let l = -726 - -740. Suppose l*k = 893 - 697. Calculate the remainder when k is divided by v.
2
Let t = 57 - 53. Suppose t*j = 18 - 2. What is the remainder when 101 is divided by 18 + (j - 1) + -6?
11
Suppose 25 = -5*i, 2*i - 13 - 49 = -3*b. Suppose 41*z - 9909 = 68*z. Let n = z + 372. What is the remainder when b is divided by n?
4
Suppose -239*a = -4277 - 1937. Suppose 0 = -3*s - 4*o + 72 + 32, 3*s - 108 = -3*o. Calculate the remainder when s is divided by a.
14
Suppose -86*z + 349 = -76*z + 89. What is the remainder when 0 - ((-2 - -3) + -116) is divided by z?
11
Suppose q - 47 = -13. Suppose -4*a = 2*t - 670, 5*t + 1532 = -2*a + 1879. Calculate the remainder when a is divided by q.
30
Suppose 4*q = 3*d + 7512, 138*d - 134*d + 3756 = 2*q. Calculate the remainder when q is divided by 11.
8
Let u(h) = -3*h**3 + 4*h**2 + 5*h + 8. Let y be u(6). Let f = -141 - y. What is the remainder when f is divided by 66?
61
Let f(k) = 14*k**2 + 2*k + 3. Let y be f(-6). Let s be 0/(-1*8/4). Suppose 5*l + 90 - y = s. Calculate the remainder when l is divided by 21.
18
Suppose m - 530 = -134. Suppose 18 = i - 3*b - m, -4*b - 418 = -i. Suppose -2*o - 4*j = -156, -5*o = -j - i + 23. What is the remainder when o is divided by 13?
11
Suppose 30 = 3*y - 3*t, -4*t - 147 + 149 = 2*y. Calculate the remainder when y is divided by 2.
1
Let q(j) = -6*j - 1. Suppose -24 = 4*s - 10*s. Suppose -78 = -s*c + 42. What is the remainder when c is divided by q(-2)?
8
Suppose 2*s = 229 + 425. Suppose 4*f - 165 = s. Let z = f + -85. What is the remainder when z is divided by 11?
5
Suppose 0 = 8*g - 1197 + 309. What is the remainder when 4548 is divided by g?
108
Suppose -3112 = -11*k - 2287. Calculate the remainder when 78 is divided by k.
3
Let g be 63/42*(5 + 0 + 1). Suppose -g*m = -171 - 108. What is the remainder when 43 is divided by m?
12
Let m(u) = 8*u + 114. Suppose 2*c - 2 + 16 = 0. What is the remainder when m(c) is divided by 6?
4
Let c be -2*3/6*(-6 - -3). Suppose y - 8 = c*h, 5*y - 4*h = -1 - 3. Calculate the remainder when (1 - -59) + (-2 + -3 - y) is divided by 30.
29
Let k be -2*1/(-4)*-4. Suppose 6*b - 218 - 130 = 0. Calculate the remainder when b is divided by -4*k*15/8.
13
Suppose 383*s - 378*s = b + 659, -4*s + 4*b = -508. Calculate the remainder when s is divided by 68.
65
Suppose -i + 80 = 3*g, -5*g + 60 = i - 10. Calculate the remainder when i is divided by -10*4/(-8) + 162/18.
11
Suppose -t - 3*t = -12. Suppose 3*n = -9, 3*p - n = 124 - 112. Suppose p*c = 2*b + 112, c - t*b + 5*b = 32. What is the remainder when c is divided by 19?
17
Let w be -17 - -6390 - (-9)/6*-2. Suppose 22*p - w = -13*p. Let f = -50 + 96. Calculate the remainder when p is divided by f.
44
Let